Suppose -2*x - 36 = -3*x. What is the greatest common factor of x and j?
12
Let b be 2/(-4)*(2 + -1)*-42. Let o(q) = -4*q - 4. Let h be o(-5). Let c be (-4)/2 - (0 - h). What is the greatest common factor of c and b?
7
Suppose 220 = 4*r - 5*u, r = 14*u - 9*u + 40. Calculate the greatest common factor of 12 and r.
12
Let q = 44 + 4. Let s be 21/4*(q/(-9))/(-2). Calculate the highest common divisor of 35 and s.
7
Let t = -43 + 64. What is the highest common factor of 7 and t?
7
Let c(o) = 5*o**2 - 38*o - 260. Let n be c(17). Calculate the highest common divisor of n and 49.
49
Let u be 15 + ((-50)/225 - (-11)/9). Calculate the greatest common factor of u and 2.
2
Let g(j) = -j + 3. Let l = 42 - 51. Let o be g(l). Calculate the highest common factor of o and 48.
12
Let b(w) = w + 3. Let j be ((-15)/10)/(2/8). Let z be b(j). Let f be z/4 + 39/4. What is the highest common factor of 45 and f?
9
Let b(i) = 2*i - 1. Let y be b(5). Suppose -5*m = -v - 718, 5*m + v + 179 = 901. Let f = m - 141. What is the highest common factor of y and f?
3
Suppose -d + 45 = j - 6, j + 5*d - 31 = 0. What is the highest common factor of j and 182?
14
Suppose -d + 4*b = -16, d + 2*b - 7 = 3. What is the highest common divisor of d and 18?
6
Let a be -4 + 12 - (0 + 0). Let k = 3 + -15. Let n(c) = -2*c - 8. Let i be n(k). Calculate the highest common divisor of a and i.
8
Let o be -5*((4 - 3) + -2). Suppose -2*h = -o*h - 3*u + 27, 2*u = 2. Calculate the greatest common factor of h and 56.
8
Let p(d) = 3*d**2 + d + 2. Let q(c) = -4*c**2 - 2*c**2 + 5*c**2 + 6 + 5 + 8*c. Let k be q(9). Let a be p(k). What is the greatest common divisor of a and 128?
16
Let v = 16 + -11. Suppose -v*c = -0 - 10. Let k(j) = 3*j**3 + 2*j. Let h be k(c). What is the highest common factor of 7 and h?
7
Let p be 2*420/8*(-3)/15. Let z be ((-10)/(-7))/((-3)/p). What is the greatest common divisor of z and 10?
10
Let g = -12 - -28. Let j be 23/4 - 12/g. Suppose 20 = d - 5*t, j*d = -3*t + 5 + 11. Calculate the highest common factor of 55 and d.
5
Suppose -b + 15 = -4*h - 2, -h = 3*b + 1. Calculate the highest common divisor of 3 and b.
1
Let f(z) = -2*z**2 - 41*z - 39. Let k be f(-19). What is the greatest common divisor of k and 3?
3
Suppose 5*d = 5*x + 345, -4*x = 3*d - 9*x - 197. Let m = 80 - d. Calculate the highest common factor of 3 and m.
3
Suppose 2*j - 3*k = -3*j - 52, -2*j + 4*k = 18. Let h be j - -15 - 2*-4. Calculate the greatest common divisor of 36 and h.
12
Suppose -m + 3*z = -220, 5*m - 3*z = -23 + 1171. What is the greatest common divisor of 56 and m?
8
Let s = 16 - 10. Suppose -4*w + s*w - 6 = 0. Let h be (w + -103)*2/(-4). Calculate the greatest common factor of h and 20.
10
Let h(s) = -136*s**2 + 10*s - 7. Let z(b) = 68*b**2 - 5*b + 4. Let d(c) = -6*h(c) - 11*z(c). Let x be d(-2). Calculate the highest common divisor of 35 and x.
35
Let j(h) = 6*h**2 - 333*h - 14 + 161*h + 164*h + h**3. Let a be j(-6). Calculate the highest common factor of 136 and a.
34
Suppose -5*g + 6*a - a + 25 = 0, g - 3*a = -5. Let b(y) = -y**3 + 9*y**2 + 14*y - 12. Let o be b(g). Calculate the greatest common factor of o and 21.
7
Let d(v) = 17*v - 2 - 6*v + 1. Let b be -1 - (1 + 9*-1). Let h be d(b). Calculate the highest common divisor of 19 and h.
19
Let o = 25 + -25. Suppose o = -w - 3 + 9. Let q be 58 - (-1)/(3/w). Calculate the highest common divisor of 150 and q.
30
Let y be 1072/36 + (-4)/(-18). Let w = 70 + y. Let c(q) = 21*q**2 + 2*q + 1. Let r be c(-1). Calculate the highest common divisor of r and w.
20
Suppose -835 + 1483 = 8*d. Calculate the greatest common divisor of d and 81.
81
Let j = 15976 + -15953. Let i be (-2)/4 + (-231)/(-2). What is the greatest common factor of i and j?
23
Let w be ((-168)/(-18))/((10/12)/5). Calculate the highest common divisor of w and 133.
7
Let c = -79 - 55. Let y = 250 + c. What is the highest common divisor of y and 29?
29
Let t(s) = 3*s - 1. Suppose 0 = -2*n + 1 + 11. Let z(d) = d. Let v(b) = n*z(b) - 3*t(b). Let g be v(-6). Calculate the greatest common factor of g and 3.
3
Let k = -14 - -11. Let o be -2 + (0 + -3 - k). Let p be 13*3/(o + 5). What is the highest common factor of p and 65?
13
Let r(a) be the second derivative of 2*a**3/3 + 21*a**2 + a. Let w be r(-9). Calculate the highest common divisor of w and 4.
2
Let c = -112 - -116. Suppose -191 = -c*k + 3*v - 63, 128 = 4*k - 4*v. What is the highest common divisor of 24 and k?
8
Let m(z) = -z**2 + 4*z - 3. Let h be m(4). Let c be (h + (-27)/(-3))*4. Let v = -58 + 106. Calculate the highest common factor of v and c.
24
Suppose -4*i + 0 = -60. Let q(z) = -5*z**3 + 2*z**2 + 2*z + 1. Let v be q(-1). Let p be 2/v - (-268)/6. What is the greatest common divisor of p and i?
15
Suppose -117 = -5*z + 53. Suppose -z*x + 33*x + 4 = 0. Calculate the highest common divisor of 36 and x.
4
Suppose 0 = 3*l + 2 + 13. Let a(y) = y**2 + 3*y + 24. Let k be a(l). Let j be (153/15)/((-2)/(-10)). What is the highest common factor of k and j?
17
Let r = -21 - -25. Suppose r = g + 2, c - 4*g = 32. Calculate the highest common divisor of c and 5.
5
Let n(y) = y - 1. Let f be n(4). Suppose -3*t - 2*h = -36, -t - f*h + h + 8 = 0. Suppose 0 = -6*m + 158 + 94. Calculate the greatest common divisor of t and m.
14
Let a be (-2)/3*-441 - -3. What is the greatest common factor of 33 and a?
33
Let i be ((-440)/275)/(8/(-150)). What is the greatest common factor of 165 and i?
15
Suppose 6 - 14 = -2*n. Suppose -4*s = -4*d + d + 49, 0 = -n*d + s + 61. Suppose 0 = 2*f + 13 - d. Calculate the highest common divisor of f and 11.
1
Suppose -3*u + u = 3*g, 2*g = 2*u. Suppose 5*w = u, 0 = -2*b - 2*w + 6*w. Suppose -3*m + 7*m - 132 = b. What is the highest common factor of 22 and m?
11
Suppose 2*x - 4*z - 168 = 0, 5*z = 4 + 6. Calculate the greatest common divisor of x and 11.
11
Let x(q) = -439*q - 28. Let o be x(-4). Calculate the greatest common divisor of o and 27.
27
Suppose -14*a - 1768 = -31*a. Calculate the highest common divisor of 24 and a.
8
Let d(r) = 3*r**3 + 57*r**2 - r + 2. Let n be d(-19). What is the greatest common divisor of n and 399?
21
Suppose -776 = -2*j - 2*j. Let h be j/4 - 10/20. What is the highest common divisor of 16 and h?
16
Suppose -42 = 10*w - 13*w. Let t = 29 + -84. Let k be (-7678)/t + (-2)/(-5). What is the highest common factor of w and k?
14
Let o(u) = -u**3 - 8*u**2 - 7*u - 8. Let w be o(-8). Suppose -20*d - w = -22*d. What is the highest common factor of d and 168?
24
Suppose 13*k = 7*k + 1050. Let m(z) = z**2 - z - 5. Let o be m(4). What is the greatest common divisor of o and k?
7
Let v = -24 + -44. Let n = -22 - v. Let x be 1/5 + (-114)/(-5). What is the greatest common divisor of n and x?
23
Suppose -3*z - 13 - 2 = 0. Let n be (140/z)/(-4) - -3. Suppose 2*p + 181 = 2*m + p, 5*m - 4*p = 454. What is the greatest common divisor of m and n?
10
Let q(p) = -p**2 + 8*p - 8. Let c be q(7). Let x be c + 0 + 3 - 0. What is the highest common factor of x and 16?
2
Suppose 683 = 5*h + 4*w, -h + 145 = -0*h - 2*w. Let i = h - 31. What is the greatest common divisor of i and 24?
12
Let a = -1807 + 1934. Calculate the greatest common factor of a and 508.
127
Let z = -1149 + 1641. Calculate the greatest common divisor of z and 12.
12
Let a(z) = 16 - 10*z - 27 - 19 + 2*z. Let s be a(-6). What is the highest common factor of 9 and s?
9
Suppose -55 = -5*h - 0*h. Let y be 1/(-2) + (-1104)/(-96). Calculate the greatest common divisor of y and h.
11
Suppose -u + 0*u + 2 = d, 6 = -5*d + 3*u. Let a = 32 - d. Calculate the highest common divisor of a and 4.
4
Let q = -5 + 7. Suppose -3*a = a - 64. What is the highest common factor of a and q?
2
Let y be (-1 + 40/(-6))*-33. Let q(b) = 47*b**2 + 5*b + 4. Let c be q(-1). Let t be -3 - (-3 - c/2). Calculate the greatest common divisor of t and y.
23
Let o(a) = 9*a - 306. Let j be o(35). What is the highest common divisor of j and 288?
9
Let i = 1453 + -1038. Suppose -f + 385 = 5*z, 0*f - i = -5*z + 5*f. Calculate the greatest common factor of 26 and z.
26
Let j = -43 - -45. Suppose -j*a = -14*a + 2268. Calculate the highest common factor of a and 21.
21
Suppose -5 = -x - 4*x. Let b(d) = -d**2 + 1 - 10*d + 3*d + 7*d + 11*d**3. Let s be b(x). Calculate the greatest common divisor